x - 61 - y. List the prime factors of x.
2
Let a be (-12)/(-9) - 3/9. Let l be a - (-2 - (2 - 0)). Suppose o = -5*h + 26, -4*o - l = -9*o. List the prime factors of h.
5
Let f = 86 + 3. List the prime factors of f.
89
Let i = -40 - -47. What are the prime factors of i?
7
Let y = 15 + -9. What are the prime factors of y?
2, 3
Suppose 0*j = -5*y + 3*j + 465, y + 3*j = 75. What are the prime factors of y?
2, 3, 5
Let g(s) = 19*s - 1. List the prime factors of g(3).
2, 7
Let o(w) = -w**3 - w**2 + 2*w. Let k be o(0). Let z = 11 + -6. List the prime factors of (z - k/(-1)) + 1.
2, 3
Let x = 6 + -3. What are the prime factors of x?
3
Let k = 5 - 3. Let v(c) = -7*c + 4*c**k + c**2 + 7 - 4*c**2. List the prime factors of v(7).
7
Let r(u) = -3*u**2 + 4*u + 0*u + 4*u**2 - 2*u**2 + 4. Let j be r(4). Let c = 9 - j. What are the prime factors of c?
5
What are the prime factors of 168/20 - (-8)/(-20)?
2
Let f be ((-140)/(-5))/((-4)/6). Let m = -23 - f. Let o = -7 + m. List the prime factors of o.
2, 3
Suppose -2*z = 4*n - 128, 5*z + 0*n - 290 = -4*n. What are the prime factors of z?
2, 3
Let q be 2/7 - 96/(-56). Suppose -5*o - 43 = -4*u, -o + q*o + 10 = u. What are the prime factors of u?
7
Suppose 0 = -5*z + 19 + 1. Suppose 58 = z*a - x + 14, 5*a - 56 = x. What are the prime factors of a?
2, 3
List the prime factors of (-1)/((-7)/138) - 4/(-14).
2, 5
Suppose 4*v + 3*l - 21 = 14, 2*l + 15 = 5*v. Suppose -m - 16 = -5*w, m + m = -v*w + 28. What are the prime factors of w?
2
Suppose -3*o - 3*j = -5*o + 33, -o + 18 = -3*j. List the prime factors of o.
3, 5
Suppose 8*s - 3*s + 2*d - 22 = 0, 13 = 4*s - 3*d. Suppose -f + s*f = -o + 13, 5*f = 25. List the prime factors of -3*1*o*1.
2, 3
Let h = 189 - 104. What are the prime factors of h?
5, 17
Let y = -131 + 189. Suppose 5*p - y = 2*w - 5*w, -3*p + 37 = 2*w. What are the prime factors of w?
11
Let l = 4 + 37. What are the prime factors of l?
41
Suppose -2*i + 8 = r, -3*r = -r - 4*i + 8. What are the prime factors of (-5)/10 + 115/r?
3, 19
Let b be (40/(-6))/(6/(-18)). List the prime factors of 24/12 + 1*b.
2, 11
Suppose -4*k + 5*u + 31 = 0, 62 = 3*k + 4*u - 0*u. What are the prime factors of k?
2, 7
List the prime factors of 28/(-140)*(-1570)/2.
157
Let t be 8 - 8 - (1 + 0). Let k(a) = a + 4. Let s be k(-4). What are the prime factors of (-2 + -1)*(t - s)?
3
Let r(o) = -o**2 - o - 8. Let b be r(0). Let k be ((-6)/b)/(2/8). List the prime factors of (-70)/(-6) + 1/k.
2, 3
Suppose -32 = -3*j - r, -7*j + 57 = -2*j - 2*r. Let d be 0 + (-1)/(-1) + -5. Let y = d + j. What are the prime factors of y?
7
Let d = 213 - 96. What are the prime factors of d?
3, 13
Suppose -20 = -4*v, -v - 6 + 3 = -2*w. Let l be (-23)/(-5) - (-2)/5. Suppose -t = w*b - 21, -2*b + 3*b = -l*t + 29. List the prime factors of t.
5
Let u be (4/(-6))/((-1)/(-3)). Let a(h) = -5 + 3 + 6 + h. List the prime factors of a(u).
2
Let f = 228 - 96. What are the prime factors of f?
2, 3, 11
Let s(f) = -f**3 - f**2 - f - 2. Let g be s(0). Let a be 0 + 1/g*0. Let o = a - -5. What are the prime factors of o?
5
Let u(s) = -s**2 - 11*s + 2. Let x = 18 - 13. Let o(w) = -w**2 - 12*w + 2. Let t(i) = x*o(i) - 6*u(i). List the prime factors of t(-7).
5
Suppose 0 = 3*m - 2*c - 10, -16 = -m - 3*m + 4*c. Suppose -2*g = m*x + 3*x + 163, 2*g = -4*x - 130. List the prime factors of x/(-5) + 4/10.
7
Let r = -22 - -25. Suppose -r*n = -3*c - 108, 152 = 3*n + n + 4*c. List the prime factors of n.
37
Let o be (14/(-3))/(2/(-45)). Suppose -2*v - v = -o. Suppose -4*r - r = -v. What are the prime factors of r?
7
Let b = -3 + 5. Let y(j) = -3 + 2 + 5*j + 4 + j**b. List the prime factors of y(-5).
3
Let f be 4 - (4 - 1) - -2. Suppose 82 = 5*s - f*d, 2*s - s - 30 = 4*d. List the prime factors of s.
2, 7
Let l(f) = f**2 + 2*f - 1. Let c = -2 - -5. What are the prime factors of l(c)?
2, 7
Let i be 2 + 8 + 0 + -2. What are the prime factors of i - (3/3 - -1)?
2, 3
Suppose 5*w = -7 - 68. What are the prime factors of 84/2*(-5)/w?
2, 7
Let o(m) = -m**2 - 7*m + 6. Suppose 3*n + 11 = -2*f, -5*n + 4*f + 34 = 89. What are the prime factors of o(n)?
2, 3
Let w be 4/(-14) - (-58)/7. Suppose 1 + w = 3*u. What are the prime factors of u?
3
Let d(v) = -v + 6. Let i be d(3). Suppose 2*f - 23 = -5*c + 44, -3*f = i*c - 33. List the prime factors of c.
3, 5
Suppose 156 = -2*o + 5*o. List the prime factors of o.
2, 13
Let q(v) = -v**2 + 1 + 6*v + v**2 - v**2. Let s be q(6). What are the prime factors of (11*-2)/(-2) + s?
2, 3
Let l(g) = g**2 + g - 1288. Let c be l(0). List the prime factors of (-1)/5 - c/40.
2
Let h(c) = c**2 + c + 2. Let x be h(0). Let j = -2 + x. Suppose 2*s - s - 18 = j. What are the prime factors of s?
2, 3
Let p(g) = g - 4. Let v be p(6). Suppose -30 = -v*u - 3*u. What are the prime factors of u?
2, 3
Let j = -4 - -5. Suppose -x + 3*r + 2 = 0, -2*x - 2*r = r - 13. Let y = x - j. What are the prime factors of y?
2
List the prime factors of (-1 - 96/(-2))/1.
47
Let m = -25 - -51. Let k = m - 6. List the prime factors of k.
2, 5
Suppose 4*g + 932 = 4*c, -5*c - 3*g + g = -1165. List the prime factors of c.
233
Suppose 2*h + 10 = 0, 2*f + h + 166 = -3*h. Let p = f + 107. What are the prime factors of p?
2, 17
List the prime factors of (-63)/(-28)*(-2 - (-930)/9).
2, 3, 19
Suppose 0 = 3*o + 15 - 3. Suppose 3*u - 3*b = -69, -3*u + 4*b = 73 - 0. Let w = o - u. List the prime factors of w.
3, 5
Let d = -2 + 4. Suppose k - 88 = -k + d*j, 0 = 2*k - 5*j - 91. What are the prime factors of k?
43
Let b(s) be the second derivative of s**5/20 + 7*s**4/12 - s**3/2 + s**2/2 - 9*s. What are the prime factors of b(-7)?
2, 11
Let d(g) = 5*g + 3. Let f(b) = -4*b - 2. Let j(m) = 3*d(m) + 4*f(m). Let a be j(2). Let v = a + 10. What are the prime factors of v?
3
Let s(w) = 4*w - 2*w - 3*w + 6. Let t(b) = b. Let k be t(0). List the prime factors of s(k).
2, 3
Let u(m) = -m**2 + 11*m + 12. Let i(g) = -g**3 - 2*g**2 - 2*g - 4. Let a(r) = r + 5. Let z be a(-8). Let q be i(z). List the prime factors of u(q).
2, 3
What are the prime factors of 80/(-32) + 602/4?
2, 37
Let v = 2 + -2. Suppose v = -p + 5. List the prime factors of p.
5
Let l = -10 - -1. What are the prime factors of -1 - -12 - 0/l?
11
Suppose -5*w + 148 = 28. Suppose w + 34 = s. Suppose -8 = d - 0*d - 4*l, 0 = 4*d + 2*l - s. List the prime factors of d.
2, 3
Suppose 0*u + 218 = 3*u - 4*r, 2*u = 2*r + 146. List the prime factors of u.
2, 37
Suppose -x + 2*g = 1, 2*x = -2*x + 3*g + 1. Let i(v) = 0*v**2 - v + 2*v + 5*v**2. List the prime factors of i(x).
2, 3
List the prime factors of (18/(-4))/((-14)/84).
3
Let m = -50 + 50. Suppose -5*q + 10 = -5*h, -h - 2*h = 2*q - 9. Suppose q*d - 5*r = 16, d - r + m = 6. List the prime factors of d.
7
Suppose 5*i - 8*i + 12 = 0. What are the prime factors of i?
2
Let u(n) = n**2 - 7*n - 26. What are the prime factors of u(-7)?
2, 3
Suppose 2*f + 6 = 5*f. Suppose -f*s = s - 57. List the prime factors of s.
19
Let x(b) = -b**3 - 6*b**2 + 8*b + 9. Let p be x(-7). Suppose 12 = 2*o - 4*c, -p*c - 41 = 3*o - 99. What are the prime factors of o?
2
Suppose 4*a = 36 + 84. What are the prime factors of a?
2, 3, 5
Suppose 6*u = 4*u - 14. Let x be 7/u - 8/(-1). What are the prime factors of (4/6)/(x/126)?
2, 3
Let v = 33 - 1. List the prime factors of v.
2
Suppose -2 = 5*c - 7. Let a(z) = -16*z**2 - 5*z - 1. Let f(i) = -15*i**2 - 4*i - 1. Let s(m) = 4*a(m) - 5*f(m). List the prime factors of s(c).
2, 3
Suppose 5*j - r + 9 = 108, 0 = -4*j + 4*r + 76. Suppose 3*u - j - 22 = 0. List the prime factors of u.
2, 7
List the prime factors of ((-3)/(-4))/((-20)/(-9040)).
3, 113
Let u(r) be the first derivative of r**3/3 - 5*r**2/2 + 3*r + 1. Let v = -62 + 67. List the prime factors of u(v).
3
Suppose -2 = 4*y - 18. Suppose -y*c - 6 = -7*c - 5*v, 2*c + 5*v - 9 = 0. Let n = 6 + c. List the prime factors of n.
3
Let t be (-1 + 7)*(-1)/(-2). Let k be t - -2*(-3)/6. Suppose -k*n + 68 = 2*n - 2*s, 4*n - s - 66 = 0. List the prime factors of n.
2
Let i = -43 - -14. Let p = i - -60. List the prime factors of p.
31
Let r be 2/8 + 86/8. Let n = -8 + r. List the prime factors of n.
3
Suppose 2*u - 206 = -2*f - f, 5*f = u - 116. What are the prime factors of u?
2, 53
Let x = 679 + -389. List the prime factors of x.
2, 5, 29
Let w(g) = 9*g**2 - 1